 f*c + 17 = 6*c + 4*b, 5*c - 3*b = 38. Suppose -5*k + c*k - 300 = 0. What is the tens digit of k?
5
Suppose 5*b + 22 + 28 = 0. Let q be 16/24 + -1 + b/(-3). Suppose w + 271 = n, q*w - 726 = -2*n - 194. What is the tens digit of n?
6
Let n = -2973 - -3102. What is the units digit of n?
9
Suppose 14*k - 154 = 3*k. What is the tens digit of k - 13 - 46*-2?
9
Let w = -37177 - -53625. What is the units digit of w?
8
Suppose -5*o = 3*h - 2*h + 51, -3*o = -5*h - 283. Let a = h - -261. Suppose -2*q = 3*q - n - a, -27 = -q + 3*n. What is the tens digit of q?
4
Let h(q) = -q**3 + 44*q**2 - 73*q - 78. Let g be h(44). What is the units digit of (-408)/306 + (g/(-6) - 1)?
6
Let m = -13966 + 22447. What is the thousands digit of m?
8
Let x(b) = 806*b - 88. What is the tens digit of x(14)?
9
Let h = -8824 - -20348. What is the tens digit of h?
2
Suppose 733 + 851 = -8*p. Let m = -122 - p. What is the units digit of m?
6
Let m(g) be the second derivative of 69*g**5/4 - g**4/6 + g**3/3 + g**2/2 + 210*g. What is the units digit of m(1)?
6
Let p(t) = -8676*t + 105. What is the hundreds digit of p(-2)?
4
Suppose -n - 752 = 2*c, 9*n = -5*c + 4*n - 1870. What is the hundreds digit of (-4)/(8/c) - (-31 + 36)?
1
Let c(d) = 8*d**2 - 6*d - 74. Suppose -97 - 59 = 12*q. What is the units digit of c(q)?
6
Let k(h) = 46*h + 5. Let a(c) = -8*c + 16. Let i be a(-6). Let l = 66 - i. What is the units digit of k(l)?
7
Let m(z) = 4*z - 17. Suppose -8*b - 2*b + 50 = 0. Let t be m(b). Suppose 4 = -2*q, -114 = -t*g - g + q. What is the units digit of g?
8
What is the hundreds digit of 224/(-4144) - (-778005)/111?
0
Let d(x) = -x**2 + 21*x - 1. Suppose -q = -12 + 1. Let v be d(q). Suppose -2*a + 65 = -v. What is the units digit of a?
7
Let m be 12/(-54) + 2 - (-4)/18. Suppose 25*x - 32454 = -m*x. What is the hundreds digit of x?
2
What is the units digit of 70191/6 - 84/(-238)*(-34)/8?
7
Let i be 6/(-21) - (-33498)/(-63). Let f = 1303 + i. What is the tens digit of f?
7
Suppose 0 = -6*p - 6*p + 24. What is the hundreds digit of (-1 - (-5862)/12)*p?
9
Let f(p) = p + 19. Let w be f(-7). What is the hundreds digit of (6 - 76/w)/((-3)/1314)?
1
Let l(m) = 2*m**3 + 101*m**2 - 39*m - 140. What is the thousands digit of l(-47)?
7
Let o be (12/15)/(1/260). Let d = -244 + 126. Let r = o + d. What is the units digit of r?
0
Let g be 12/(-5)*180/24. Let c(s) be the first derivative of -s**4/4 - 19*s**3/3 - 21*s**2/2 - 8*s - 1. What is the tens digit of c(g)?
4
Let y = -1117 - -32864. What is the tens digit of y?
4
Suppose -376*l - 46790 = -381*l. What is the hundreds digit of l?
3
Let m be (1 + 0)/((-3)/555). Let p(n) = -n**2 + 46*n - 192. Let s be p(21). Let z = s + m. What is the hundreds digit of z?
1
Suppose 3*s + 132 = 1812. What is the hundreds digit of (138/10)/(28/s)?
2
Suppose 0 = -3*j - w + 62694, -3*j + 24*w - 19*w = -62730. What is the hundreds digit of j?
9
Let n(i) = 10*i**3 - 10*i**2 + 25*i - 3. Let s = 143 + -140. What is the hundreds digit of n(s)?
2
Let x = -536 - -952. Suppose 5*u - u + 4*h - 1616 = 0, u - x = 2*h. What is the hundreds digit of u?
4
Suppose 0 = i + 32*i - 226224 - 2173569. What is the ten thousands digit of i?
7
Let r be -5 + 7120/24 - 1/(-3). Let q = -285 + r. What is the units digit of q?
7
Suppose -44*b + 41*b = 2*g - 13683, -5*b = -g + 6848. What is the units digit of g?
3
Suppose -2*o - 31718 = -4*i, 34*o = -2*i + 39*o + 15847. What is the tens digit of i?
3
Suppose 5*q - 44 = 636. Suppose v - 848 = q. Suppose 7*z + 340 = v. What is the tens digit of z?
9
Let q(i) = -7*i**3 - 3*i**2 - 5*i + 4. Let f be q(-7). Suppose -1181 = -6*a + f. What is the units digit of a?
9
Suppose -150 = -6*h + 9*h. Let a = h - -283. Let j = a - 140. What is the tens digit of j?
9
Let d(o) = o**3 + o - 3. Let v be d(6). Let r be ((336/(-10))/3)/((-200)/500). Let g = v + r. What is the tens digit of g?
4
Let o(m) = -15*m**2 + 4 - 13 - 6*m + 7*m**2 - 2*m**3. What is the hundreds digit of o(-7)?
3
Suppose -2*g + 4 + 2 = 0. Let j be 4/(-6)*(-6 + g - 0). Suppose -3*l - 57 = j*q - 3*q, -5*l + 158 = 2*q. What is the units digit of q?
9
Let c(k) = -167*k**3 + 14 - 10*k + 165*k**3 - 2 + 3 - 8*k**2 + 9. What is the tens digit of c(-8)?
1
Let a = -120 - -95. Let t(p) = -p**3 - 27*p**2 - 53*p + 10. What is the units digit of t(a)?
5
Let t be 2/(-6) - 7/(-3). Let o(u) = -u**2 - 62*u + 2066. Let a be o(-86). Suppose 20 = 4*p, -418 = -i - t*i - a*p. What is the units digit of i?
6
Suppose -4*v = -139 - 385. Let a(y) = y**2 + 6*y - 37. Let q be a(4). What is the hundreds digit of 1/(-1 + 2) + v + q?
1
Let t = 75690 + -53427. What is the tens digit of t?
6
Let w = -1 + 5. Let l = 15 + -5. Suppose l + w = f. What is the tens digit of f?
1
Suppose 2*c + 155 + 24 = 5*u, 0 = c - 2*u + 89. Let v = c - -63. What is the tens digit of v/(0 - -11 - 4)*-7?
2
Let k = -73 + 448. Suppose -5*v + 575 + k = 0. Let m = -109 + v. What is the units digit of m?
1
Let d(x) = x**2 + 1. Let k be d(2). Suppose -v - t - 101 = 0, -k*v = 2*t + 752 - 238. Let j = -52 - v. What is the units digit of j?
2
Let u = 545 + -542. Suppose 1233 = u*m - 3*v, 4*m + 415 = 5*m - 2*v. What is the tens digit of m?
0
Let d be (-7)/(-2) + (-2)/4 + -1. Suppose -2*s = 5*o - 1862, 0*s + d*s + 1114 = 3*o. What is the tens digit of o?
7
Let p(v) be the second derivative of v**3/6 + 139*v**2/2 + 177*v. What is the hundreds digit of p(23)?
1
Let g = -30 - -31. Let o be 14*g*((-15)/(-6) - 1). What is the units digit of 0/(-1)*7/o + 93?
3
Suppose 23*d - 24*d - 288 = 4*r, -4*d = r + 1152. Let l = 1206 - d. What is the thousands digit of l?
1
Let l(g) = -g**2 + 18*g + 221. Let y be l(-9). What is the hundreds digit of (-238)/y - 11 - 9858/(-11)?
8
Suppose 3*g = 2*g - 33. Let z be -1 + -1 + (13 - g). Suppose 7*y - 11*y = -z. What is the tens digit of y?
1
Suppose 3*v - 1334 = -239. What is the tens digit of v?
6
Let x(c) = -1644*c**3 + 14*c**2 + 3*c - 8. Let f(q) = -822*q**3 + 8*q**2 + 2*q - 4. Let k(p) = -5*f(p) + 3*x(p). What is the hundreds digit of k(-1)?
8
What is the hundreds digit of 4 - 21/3 - (-11767 + -4 + -6)?
7
Suppose -5*g = p + 13, 0*p - 2*g = 3*p. Suppose -p*r + 2440 = 2*f, f + 1106 = -4*r + 5974. What is the units digit of r?
6
Suppose -2*i = -5*i - 4*f - 169, 3*f = 15. Let c = 68 + i. Suppose -c*g + 105 = -p - 29, -122 = -5*g - 2*p. What is the units digit of g?
6
Suppose -17193 = -4*b + 5*f + 19997, 2*f + 18596 = 2*b. What is the tens digit of b?
0
Let f(v) = 35*v - 2. Let y be f(1). Let u = y + -2. Let t = u - -53. What is the units digit of t?
4
Let m(j) = 3*j**3 + 114*j**2 + 79*j - 5. What is the units digit of m(-32)?
9
Let g(a) = -a**3 + a + 1. Let t(x) = -496*x**3 - x**2 - 6*x - 7. Let i(r) = 4*g(r) + t(r). What is the hundreds digit of i(-1)?
4
Let s(c) = -c**2 + 20*c + 33. Suppose -13*t = 97 - 370. Let l be s(t). Suppose 119 = -l*z + 539. What is the units digit of z?
5
What is the tens digit of ((-6)/(-9))/(5*(-6)/(-1324845))?
4
Suppose 2*b - 2*f = 13960, -5*b + 34924 = -20*f + 23*f. What is the thousands digit of b?
6
Suppose p - 4 = -x - 3*p, 15 = 2*x + p. Let i be (1 - -1) + (x - 259). Let a = i - -423. What is the tens digit of a?
7
Let p(j) = 10*j + 62. Let k be p(-6). Suppose 739 = 2*c + k*l - 615, -702 = -c + 4*l. What is the units digit of c?
2
Let s(v) = 311*v + 48. Let w(t) = -4*t. Let z(d) = -s(d) + 5*w(d). What is the units digit of z(-3)?
5
Suppose 3*l - 4 = -l. Let v be 0 + 3/9 - l/3. Suppose -3*s - 2*r + 225 = v, -3*s + 2*r + 375 = 2*s. What is the tens digit of s?
7
What is the tens digit of 6/(-120) + ((-344283303)/340)/(-39)?
6
Let g(l) = 166*l**2 + 22*l - 61. What is the hundreds digit of g(-8)?
3
Let f(k) = -6*k + 211 - 217 - k. Suppose 2*l = -22 + 2. What is the units digit of f(l)?
4
Suppose 2*n - 626 = 4*y + y, 3*y + 1280 = 4*n. Let j = n - -253. What is the units digit of j?
6
Let a be 0*((-12)/(-2) - 7). Suppose -12*x + 1847 + 6085 = a. What is the units digit of x?
1
Suppose 560653 - 69810 = 23*b. What is the ten thousands digit of b?
2
Let y = -4956 - -9047. Suppose -12*k + y = 983. What is the tens digit of k?
5
Suppose -15*k + 9*k + 318 = 0. Suppose k*d = 67120 + 13493. What is the units digit of d?
1
Let o(i) = 1. Let u(l) = -79*l + 26. Let w(r) = 3*o(r) + u(r). What is the units digit of